prime factors of m.
2, 7
Let g = -15 + 32. Suppose 5*p + g = 4*o, -p = 4*o + p - 38. List the prime factors of o.
2
Let d(n) = n - 15. Let f be d(8). Let g(a) = a**3 + 7*a**2 - 6*a - 3. List the prime factors of g(f).
3, 13
Suppose 2*m - 5*k - 28 = 0, 4*k = -3*m + 3*k + 25. Let u(c) = c**2 - 9*c - 2. Let a be u(m). List the prime factors of (1 + a)*(3 + -8).
5
Suppose 2*p - x = -11, p + x + 7 = 3. Let o be 51/(-5 - -2) - -3. List the prime factors of (6/p)/(o/35).
3
Let z be 270/35 + 2/7. Let i = -17 - -11. Let r = z + i. What are the prime factors of r?
2
Let u(p) = -22*p + 3. What are the prime factors of u(-1)?
5
Suppose -3*p + 8 + 4 = 0. Let n be ((-9)/(-6))/((-3)/p). List the prime factors of 1 + (-9)/2*n.
2, 5
Let q = -2 - -5. Suppose 2*l = -8, q*o + 2*l + 0*l - 49 = 0. What are the prime factors of o?
19
Let u = 0 - 5. Let d = u + 5. Suppose d = 2*p - 20 - 8. List the prime factors of p.
2, 7
Let l = 117 - 45. What are the prime factors of l?
2, 3
Let x(p) = -3 + 2*p**2 + 10*p + 16*p - 29*p. List the prime factors of x(4).
17
Suppose -5*b + 558 = -1392. List the prime factors of b.
2, 3, 5, 13
Let b(s) be the first derivative of -s**3/3 + 4*s**2 - 5*s - 1. What are the prime factors of b(5)?
2, 5
Suppose 0 = -2*l + 3*l. Suppose l = -3*i - 2*i + 35. List the prime factors of i.
7
Let j be (-1)/(-3) + (-20)/6. Let s = j + 11. What are the prime factors of s?
2
Suppose f - 4 = -3*r, 0*f = -3*f - 15. Suppose 6*y - r*y - 24 = 0. List the prime factors of y.
2
Suppose f + 5*g - 152 = -3*f, 0 = 2*f - g - 62. List the prime factors of f.
3, 11
Let g = 14 + -10. Suppose -g*q + 0*p = -p + 10, 5*q = 3*p - 9. List the prime factors of q/2 + 47/2.
2, 11
Suppose 5*a - l - 16 = 0, 6 = 2*a - l + 2. List the prime factors of a.
2
Suppose -2*w + 8 = -44. What are the prime factors of w?
2, 13
List the prime factors of (-2)/((-3 + 1)/14).
2, 7
Let w = -4 + 7. Suppose 3*p = -5*s - 4, w - 5 = s. Suppose 4 = -p*b, 0*b - 2*b + 51 = 5*u. What are the prime factors of u?
11
What are the prime factors of (2/4)/((-3)/(-1302))?
7, 31
Let v = -60 - -96. List the prime factors of v.
2, 3
Suppose 4*c = -3*l - l + 12, -5*c - 9 = -3*l. Suppose -97 = -l*q - r, -6*q = -q - r - 151. List the prime factors of q.
31
Let a be 1/(2 + -3)*0. Suppose -2*n = -5*w + 108, -2*n = -w - a*w + 20. What are the prime factors of w?
2, 11
Suppose -4*u = -9*u + 5*o - 50, 0 = o - 4. Let a(h) = -h**2 - 4 - 4*h**2 + 6*h - h**3 + 11. What are the prime factors of a(u)?
7
Let y(i) = i**3 + 3*i**2 - 6*i - 6. Let c be y(-4). Let u be c/(-6)*(-69)/(-1). Let w = -5 - u. List the prime factors of w.
2, 3
Suppose 0 = -0*l - 3*l + 12. Suppose -2*q = -2*c + 3*q + 78, l*c - 108 = -2*q. List the prime factors of c.
29
Let h(c) = c**2 + c - 4. Let t be h(-3). Let v be (-3)/((-26)/(-14) - t). Suppose -4*a + v = 5. What are the prime factors of a?
2
Let b(r) = 6*r**2 + 9*r - 17. What are the prime factors of b(4)?
5, 23
Suppose 2*c - 5*l = 65, 2*c - 4*c = -l - 69. What are the prime factors of c?
5, 7
List the prime factors of -66*(-24)/(-2 + 8).
2, 3, 11
Suppose -2*t + 49 = -11. Suppose -z + 4*q - 12 = 2*q, t = -5*z + 4*q. Let a(o) = -6*o. List the prime factors of a(z).
2, 3
Let p(k) = 9*k**3 - 2*k**2 + 1. Let n be p(1). Suppose -5*t + t + 16 = 0. Suppose -t*c = n - 20. List the prime factors of c.
3
Let p(j) = 56*j**3 + 3*j - 8. Let w(b) = 19*b**3 + b - 3. Let h(m) = -4*p(m) + 11*w(m). What are the prime factors of h(-1)?
3, 5
Suppose -12 = -r + 3*c, 3*r - r = c + 24. Suppose 4*d - r - 40 = 0. List the prime factors of d.
13
Let k be ((-9)/(-6))/3*4. Suppose 4*a = k*a + 4. Suppose 0 = -o + d + 2 + 4, -a*d = 4. What are the prime factors of o?
2
Let w = 1 + -1. Let f be 2*(w - 10)/(-2). Suppose 2*d = 7*d - f. List the prime factors of d.
2
Let v = -16 + 18. Suppose 0 = -f - v*f + 156. List the prime factors of f.
2, 13
Let u be (-4)/10 - (-1662)/30. Suppose -2*w = -7*w + u. What are the prime factors of w?
11
Let f(w) = w**2 - 5*w - 10. Suppose -3*d = -5*u - 19, -3*d + 5*u = 2*u - 21. What are the prime factors of f(d)?
2, 7
Suppose 0*p - 3*l + 2 = -2*p, p - 3*l = -1. What are the prime factors of p/1*24/(-6)?
2
List the prime factors of (-2 + (-5)/(-10))*-22.
3, 11
Suppose -3*l + 275 + 46 = -2*p, 0 = -5*p. Suppose 5*f = f - 3*s + l, -2*s = 3*f - 81. What are the prime factors of f?
29
Suppose 3*f - 4*r = -f, -5*f = 4*r. Suppose -2*v = -f*v - 6. What are the prime factors of (-4 + 3)/(v/(-6))?
2
Let f be 4/(0 - 2/2). Let i = f - -9. Suppose i*y = 10 - 0. List the prime factors of y.
2
Let m be 242/4 + 3/6. Let s = m - 36. Suppose 3*o = 2*h + 31, -2*o + 5*o + h = s. List the prime factors of o.
3
Let o(r) = -r**3 + 5*r**2 - 4*r + 3. Let u be o(4). List the prime factors of (u - 4)/(1/(-14)).
2, 7
Suppose w - 3*u = 3*w - 7, 2*w - 1 = -5*u. What are the prime factors of w?
2
Suppose 4*f - 185 = -x, -f + 39 = -x - 6. List the prime factors of f.
2, 23
Let t(m) = -34*m. Let z be t(-8). Let w be (-2)/(-11) + z/(-44). List the prime factors of (2 - w/3)*4.
2
Suppose -2*r - 546 = -4*y, 0*y - 2*r = 4*y - 566. What are the prime factors of y?
139
Let d be (-5 - -2)*3/(-9). Let x be 6 + 6*d/(-2). What are the prime factors of x*(-4)/6 + 13?
11
Let v(k) = -19*k + 2. Let u be v(1). Let t = 31 + u. List the prime factors of t.
2, 7
Let x(o) = -o**3 + 6*o**2 + 5*o + 7. Let a(g) = g + 2. Let f be a(5). Let l be x(f). Let w = -5 - l. List the prime factors of w.
2
Let m(n) = 14*n - 11. List the prime factors of m(6).
73
Suppose -5*o + 10 = -3*o. Suppose h + 2*h - 3 = -3*p, p + 23 = o*h. Suppose -h*r = -r - 9. List the prime factors of r.
3
What are the prime factors of (-3216)/(-42) + 8/(-14)?
2, 19
List the prime factors of -35*(4 - (-4 + 9)).
5, 7
Let a(h) = -h - 2. Let d be a(-6). List the prime factors of (-107)/(-7) - d/14.
3, 5
Let x be 3 + (-1 - 1) + 11. List the prime factors of x + -1 + 1*-2.
3
Suppose -4*d + 3*d = -14. Suppose d + 18 = 4*t. List the prime factors of t.
2
Let v = 12 + -6. Suppose 3*w + 6 + v = 0. Let z = w - -14. What are the prime factors of z?
2, 5
Suppose -2*l + 5*x = 0, 4*l + 26 = -2*x - x. Let o = l + 27. What are the prime factors of o?
2, 11
Let k(w) = w**2 - 6*w - 2. Let d(y) = y**3 + 8*y**2 + 7*y + 4. Let p be d(-7). Suppose 2*x = -3*o + 29, -6 = -4*o + p*x + 6. What are the prime factors of k(o)?
5
Suppose 4*z - 2*c = -78 + 584, 2*c - 124 = -z. What are the prime factors of z?
2, 3, 7
Suppose 0 = 5*q - 3*q - 238. List the prime factors of q.
7, 17
Let b = 189 - 87. List the prime factors of b.
2, 3, 17
Let n(d) = d**3 + 6*d**2 - 4*d + 7. List the prime factors of n(-6).
31
Let i(l) = 8*l - 7. Let b(n) = 15*n - 15. Let z(o) = -3*b(o) + 5*i(o). List the prime factors of z(-7).
3, 5
Let x = -2 + 10. Let o = x - 16. Let r = o + 11. List the prime factors of r.
3
Let j(w) = -2*w + 1 + 3*w + 5*w**3 - 4*w**3 - 3*w. Let f be j(2). Let v = f - 0. What are the prime factors of v?
5
Let p(n) = n + 14. Let r be p(-10). Suppose -r*h + 27 + 41 = 0. What are the prime factors of h?
17
Suppose -11*f + 1980 = -2*f. List the prime factors of f.
2, 5, 11
Let m(p) = -p**2 - 7*p + 4. Let w be m(-6). Suppose -3*b + 46 = 4*a, 5*b - w = -0. What are the prime factors of a?
2, 5
Suppose -v = 2*v + u - 230, -4*u = 4*v - 320. Suppose 3*p = 8*p - v. List the prime factors of p.
3, 5
Suppose -5*l - 52 + 187 = -5*u, 0 = -5*l - 3*u + 143. What are the prime factors of l?
2, 7
Suppose -11*t + 14 = -9*t. List the prime factors of t.
7
Suppose 4*f + 6 = 3*f. Let y = 12 + f. What are the prime factors of y?
2, 3
List the prime factors of 9/(-3)*1*(4 - 36).
2, 3
Let t(d) = d**3 + 18*d**2 + 15. List the prime factors of t(-18).
3, 5
Suppose -2*q - 23 = -3*q. What are the prime factors of q?
23
Let o(m) = 3*m**2 + 10*m - 9. List the prime factors of o(8).
263
Suppose 6 = 2*z + 2*i, -3*z + 4*i + 17 = 43. Let o = 7 + z. Suppose 4*a = -3*u + o, -u - 2*u = -a + 5. List the prime factors of a.
2
Let w(u) = -u**2 - 7*u - 5. Let x be w(-4). Suppose 4*d = x*d. Suppose b - 8 = -d*b. List the prime factors of b.
2
Let q = -4 + -3. Let s(l) = l + 9. Let i be s(q). What are the prime factors of i*14/2 - 3?
11
Let v(l) = l + 2. Let m be v(0). Suppose 1 - 11 = -m*q. Suppose q*j = h - 10, -4*j = -5*h - j + 50. List the prime factors